{"id":135,"date":"2025-05-06T13:55:04","date_gmt":"2025-05-06T12:55:04","guid":{"rendered":"https:\/\/lilyspetguarderia.cc\/blog\/?page_id=135"},"modified":"2025-05-29T11:00:49","modified_gmt":"2025-05-29T10:00:49","slug":"terminos-de-uso","status":"publish","type":"page","link":"https:\/\/lilyspetguarderia.cc\/blog\/terminos-de-uso\/","title":{"rendered":"T\u00e9rminos de uso"},"content":{"rendered":"\n\n\n\n\n<p><\/p>\n\n\n\n<p>Este sitio web es propiedad de LilysPets Guarder\u00eda Canina, con domicilio en Madrid, Espa\u00f1a.<br>Responsable: Lily&#8217;s Pets Guarder\u00eda Canina<br>Direcci\u00f3n: C. De Embajadores, 124, Arganzuela, 28045 Madrid<br>Tel\u00e9fono: +34 651 841 990 \/ +34 91 414 6319<br>Email: <a href=\"mailto:lianarad495@gmail.com\">lilianarad495@gmail.com<\/a><br>NIF: <br>El acceso y uso de esta p\u00e1gina web atribuye la condici\u00f3n de usuario e implica la aceptaci\u00f3n<br>plena de las condiciones legales aqu\u00ed expuestas.<\/p>\n\n\n\n<p>El uso de este sitio web implica la aceptaci\u00f3n de las siguientes condiciones:<br><br>1. El usuario se compromete a utilizar esta web de forma l\u00edcita y respetuosa.<br>2. Est\u00e1 prohibido el uso del contenido con fines comerciales sin autorizaci\u00f3n expresa.<br>3. Lily&#8217;s Pets se reserva el derecho de modificar los contenidos y servicios sin previo aviso.<br><br>Este sitio web est\u00e1 dirigido a usuarios ubicados en Espa\u00f1a y cumple con la legislaci\u00f3n espa\u00f1ola vigente.<\/p>\n\n\n","protected":false},"excerpt":{"rendered":"","protected":false},"author":1,"featured_media":0,"parent":0,"menu_order":0,"comment_status":"closed","ping_status":"closed","template":"","meta":{"pagelayer_contact_templates":[],"_pagelayer_content":"","footnotes":""},"class_list":["post-135","page","type-page","status-publish","hentry"],"_links":{"self":[{"href":"https:\/\/lilyspetguarderia.cc\/blog\/wp-json\/wp\/v2\/pages\/135","targetHints":{"allow":["GET"]}}],"collection":[{"href":"https:\/\/lilyspetguarderia.cc\/blog\/wp-json\/wp\/v2\/pages"}],"about":[{"href":"https:\/\/lilyspetguarderia.cc\/blog\/wp-json\/wp\/v2\/types\/page"}],"author":[{"embeddable":true,"href":"https:\/\/lilyspetguarderia.cc\/blog\/wp-json\/wp\/v2\/users\/1"}],"replies":[{"embeddable":true,"href":"https:\/\/lilyspetguarderia.cc\/blog\/wp-json\/wp\/v2\/comments?post=135"}],"version-history":[{"count":5,"href":"https:\/\/lilyspetguarderia.cc\/blog\/wp-json\/wp\/v2\/pages\/135\/revisions"}],"predecessor-version":[{"id":413,"href":"https:\/\/lilyspetguarderia.cc\/blog\/wp-json\/wp\/v2\/pages\/135\/revisions\/413"}],"wp:attachment":[{"href":"https:\/\/lilyspetguarderia.cc\/blog\/wp-json\/wp\/v2\/media?parent=135"}],"curies":[{"name":"wp","href":"https:\/\/api.w.org\/{rel}","templated":true}]}}